464 and 29808.
432
Calculate the greatest common factor of 163069 and 895.
179
Calculate the highest common divisor of 260 and 3480035.
65
Calculate the highest common factor of 351 and 1809.
27
Calculate the greatest common factor of 73 and 4091.
1
What is the highest common divisor of 617825 and 52?
13
What is the greatest common divisor of 2527 and 11191?
361
What is the greatest common divisor of 15285 and 3?
3
What is the greatest common divisor of 24 and 102171?
3
What is the highest common factor of 52915 and 85?
5
What is the highest common factor of 150380 and 584?
292
What is the greatest common factor of 1007250 and 1500?
750
Calculate the greatest common factor of 3255 and 20181.
651
What is the highest common divisor of 35325 and 1125?
225
What is the highest common divisor of 5598 and 652478?
622
Calculate the greatest common divisor of 3 and 123231.
3
What is the highest common factor of 44 and 34199?
11
What is the highest common divisor of 611136 and 9792?
576
What is the highest common factor of 231817 and 138?
23
Calculate the greatest common factor of 594 and 1012.
22
Calculate the greatest common factor of 1190476 and 119.
119
Calculate the highest common divisor of 55251 and 147.
21
Calculate the highest common factor of 771 and 143149.
257
Calculate the greatest common divisor of 35903 and 56.
7
Calculate the greatest common divisor of 136 and 25764.
4
Calculate the highest common factor of 231 and 399168.
231
Calculate the highest common divisor of 95238 and 792.
198
Calculate the highest common divisor of 684582 and 1704.
426
What is the greatest common factor of 10086 and 21894?
246
What is the greatest common divisor of 80 and 20165?
5
What is the greatest common divisor of 73969 and 7?
7
Calculate the greatest common divisor of 1885 and 59943.
377
What is the highest common factor of 115520 and 800?
160
Calculate the highest common divisor of 111965 and 5.
5
What is the highest common factor of 15 and 114645?
15
What is the highest common factor of 11264 and 836?
44
What is the greatest common divisor of 53 and 5576713?
53
What is the greatest common factor of 162 and 126711?
27
Calculate the highest common factor of 726 and 567072.
66
Calculate the highest common divisor of 275 and 16545.
5
Calculate the highest common divisor of 96083 and 494.
247
Calculate the highest common factor of 64 and 5345056.
32
What is the greatest common factor of 76209 and 798?
399
Calculate the highest common divisor of 4731851 and 1762.
881
Calculate the greatest common divisor of 2249 and 17797.
13
What is the greatest common divisor of 4183 and 9776?
47
Calculate the greatest common divisor of 6694930 and 66.
22
Calculate the highest common factor of 700 and 496025.
25
Calculate the greatest common factor of 682002 and 198.
18
What is the greatest common divisor of 23485 and 280?
35
What is the highest common divisor of 67903 and 22?
11
Calculate the highest common factor of 7050 and 800.
50
Calculate the greatest common factor of 8417 and 2432.
19
What is the highest common divisor of 21438 and 72?
18
Calculate the highest common factor of 2881 and 12864.
67
What is the highest common factor of 99825 and 2075?
25
What is the greatest common divisor of 3 and 150387?
3
What is the highest common divisor of 6 and 77568?
6
What is the greatest common divisor of 1358302 and 696?
58
Calculate the greatest common factor of 56 and 908236.
28
What is the highest common divisor of 35 and 41515?
5
What is the highest common divisor of 1786 and 189012?
38
What is the highest common divisor of 450 and 158040?
90
Calculate the greatest common divisor of 42 and 80014.
2
Calculate the highest common factor of 22388 and 1914.
58
What is the greatest common factor of 321673 and 44?
11
What is the highest common divisor of 1692 and 63168?
564
What is the highest common factor of 576 and 7257024?
576
What is the highest common divisor of 113 and 1269329?
113
What is the highest common divisor of 48 and 177396?
12
What is the highest common divisor of 8635 and 605?
55
Calculate the greatest common divisor of 66208 and 176.
16
What is the highest common factor of 382980 and 3120?
780
Calculate the highest common factor of 6495 and 915.
15
Calculate the highest common factor of 61161 and 2775.
111
Calculate the greatest common factor of 336 and 288064.
112
What is the greatest common factor of 4888 and 83566?
94
What is the greatest common divisor of 6760 and 80?
40
What is the highest common factor of 42 and 40254?
6
Calculate the highest common factor of 138546 and 576.
18
Calculate the highest common factor of 236 and 1372694.
118
Calculate the greatest common divisor of 177667 and 51.
17
Calculate the greatest common factor of 124 and 116188.
124
Calculate the highest common divisor of 53 and 104092.
53
What is the highest common divisor of 5684 and 116?
116
Calculate the greatest common divisor of 275 and 169675.
275
What is the greatest common divisor of 25272 and 2496?
312
What is the highest common divisor of 1295 and 4144?
259
Calculate the highest common factor of 241055 and 1665.
185
What is the greatest common divisor of 7236 and 438?
6
Calculate the greatest common divisor of 144 and 22878.
18
What is the highest common divisor of 1185270 and 15?
15
Calculate the greatest common factor of 44032 and 7396.
172
Calculate the highest common factor of 19253 and 247.
13
Calculate the highest common factor of 14490 and 1100.
10
What is the greatest common divisor of 32 and 6526?
2
Calculate the highest common factor of 209 and 83017.
11
What is the greatest common divisor of 1980 and 50940?
180
What is the greatest common divisor of 482 and 90857?
241
What is the greatest common factor of 91424 and 32?
32
Calculate the greatest common factor of 11968 and 2596.
44
Calculate the greatest common divisor of 544638 and 258.
258
What is the highest common factor of 6 and 1139433?
3
What is the greatest common divisor of 29256 and 30?
6
What is the greatest common factor of 38740 and 1040?
260
Calculate the highest common factor of 1047 and 30630.
3
What is the greatest common divisor of 518 and 420?
14
What is the highest common factor of 59823 and 276?
69
What is the greatest common divisor of 22493 and 108129?
271
Calculate the highest common factor of 51 and 23494.
17
What is the highest common factor of 60648 and 17976?
168
Calculate the highest common divisor of 1765 and 668229.
353
Calculate the highest common factor of 149 and 870607.
149
What is the greatest common divisor of 25353 and 4212?
81
What is the greatest common divisor of 8252705 and 1570?
785
Calculate the highest common factor of 120 and 1744968.
24
What is the greatest common divisor of 9344 and 48?
16
Calculate the highest common divisor of 278 and 314.
2
What is the greatest common factor of 90396 and 1364?
124
What is the highest common divisor of 20703 and 5562?
309
What is the greatest common factor of 7150 and 858?
286
What is the highest common factor of 32631 and 15?
3
What is the greatest common divisor of 322199 and 1143?
127
What is the greatest common factor of 1614 and 38467?
269
Calculate the highest common factor of 34496 and 2800.
112
What is the greatest common factor of 1254 and 2838?
66
Calculate the greatest common factor of 32241 and 132.
33
Calculate the greatest common divisor of 101 and 256.
1
What is the highest common divisor of 60 and 602220?
60
Calculate the highest common factor of 58 and 186122.
58
What is the highest common factor of 35 and 870310?
35
Calculate the highest common divisor of 843 and 34001.
281
Calculate the greatest common divisor of 52 and 1918735.
13
What is the highest common divisor of 7 and 136409?
7
What is the highest common factor of 6201 and 17628?
39
Calculate the highest common divisor of 1310 and 70.
10
What is the highest common factor of 845169 and 117?
39
What is the greatest common divisor of 355 and 453619?
71
Calculate the highest common factor of 40 and 285490.
10
Calculate the highest common divisor of 114664 and 220.
44
What is the greatest common divisor of 69 and 10856?
23
What is the greatest common factor of 589259 and 121?
11
What is the greatest common factor of 161458 and 35178?
902
Calculate the greate